{"id":8,"date":"2021-02-04T14:08:47","date_gmt":"2021-02-04T13:08:47","guid":{"rendered":"http:\/\/www.lierfeld.com\/?page_id=8"},"modified":"2025-08-04T11:43:55","modified_gmt":"2025-08-04T09:43:55","slug":"startseite","status":"publish","type":"page","link":"https:\/\/www.lierfeld.com\/","title":{"rendered":"Startseite"},"content":{"rendered":"\n<p>Herzlich willkommen auf der Internetseite der Ortsgemeinde Lierfeld. Ich darf Sie zu einem virtuellen Bummel durch unseren sch\u00f6nen Eifelort einladen. Gerne w\u00fcrde ich Sie auch gelegentlich pers\u00f6nlich bei uns willkommen hei\u00dfen!<\/p>\n\n\n\n<p>Arnold Hoffmann<br>Ortsb\u00fcrgermeister<\/p>\n\n\n\n<p><\/p>\n\n\n\n<figure class=\"wp-block-gallery has-nested-images columns-default is-cropped wp-block-gallery-1 is-layout-flex wp-block-gallery-is-layout-flex\">\n<figure class=\"wp-block-image size-large\"><img loading=\"lazy\" decoding=\"async\" width=\"683\" height=\"900\" data-id=\"742\" src=\"https:\/\/www.lierfeld.com\/wp-content\/uploads\/2025\/03\/3fdf8fc9-adf2-4882-af7e-a90d00745150.jpg\" alt=\"\" class=\"wp-image-742\" srcset=\"https:\/\/www.lierfeld.com\/wp-content\/uploads\/2025\/03\/3fdf8fc9-adf2-4882-af7e-a90d00745150.jpg 683w, https:\/\/www.lierfeld.com\/wp-content\/uploads\/2025\/03\/3fdf8fc9-adf2-4882-af7e-a90d00745150-228x300.jpg 228w\" sizes=\"auto, (max-width: 683px) 100vw, 683px\" \/><\/figure>\n\n\n\n<figure class=\"wp-block-image size-large\"><img loading=\"lazy\" decoding=\"async\" width=\"1024\" height=\"683\" data-id=\"328\" src=\"http:\/\/www.lierfeld.com\/wp-content\/uploads\/2024\/03\/IMG_7585-1024x683.jpg\" alt=\"\" class=\"wp-image-328\" srcset=\"https:\/\/www.lierfeld.com\/wp-content\/uploads\/2024\/03\/IMG_7585-1024x683.jpg 1024w, https:\/\/www.lierfeld.com\/wp-content\/uploads\/2024\/03\/IMG_7585-300x200.jpg 300w, https:\/\/www.lierfeld.com\/wp-content\/uploads\/2024\/03\/IMG_7585-768x512.jpg 768w, https:\/\/www.lierfeld.com\/wp-content\/uploads\/2024\/03\/IMG_7585-1536x1024.jpg 1536w, https:\/\/www.lierfeld.com\/wp-content\/uploads\/2024\/03\/IMG_7585-2048x1365.jpg 2048w\" sizes=\"auto, (max-width: 1024px) 100vw, 1024px\" \/><\/figure>\n\n\n\n<figure class=\"wp-block-image size-large\"><img loading=\"lazy\" decoding=\"async\" width=\"1024\" height=\"683\" data-id=\"324\" src=\"http:\/\/www.lierfeld.com\/wp-content\/uploads\/2024\/03\/IMG_7554-1024x683.jpg\" alt=\"\" class=\"wp-image-324\" srcset=\"https:\/\/www.lierfeld.com\/wp-content\/uploads\/2024\/03\/IMG_7554-1024x683.jpg 1024w, https:\/\/www.lierfeld.com\/wp-content\/uploads\/2024\/03\/IMG_7554-300x200.jpg 300w, https:\/\/www.lierfeld.com\/wp-content\/uploads\/2024\/03\/IMG_7554-768x512.jpg 768w, https:\/\/www.lierfeld.com\/wp-content\/uploads\/2024\/03\/IMG_7554-1536x1024.jpg 1536w, https:\/\/www.lierfeld.com\/wp-content\/uploads\/2024\/03\/IMG_7554-2048x1365.jpg 2048w\" sizes=\"auto, (max-width: 1024px) 100vw, 1024px\" \/><\/figure>\n\n\n\n<figure class=\"wp-block-image size-large\"><img loading=\"lazy\" decoding=\"async\" width=\"1024\" height=\"683\" data-id=\"323\" src=\"http:\/\/www.lierfeld.com\/wp-content\/uploads\/2024\/03\/IMG_7556-1024x683.jpg\" alt=\"\" class=\"wp-image-323\" srcset=\"https:\/\/www.lierfeld.com\/wp-content\/uploads\/2024\/03\/IMG_7556-1024x683.jpg 1024w, https:\/\/www.lierfeld.com\/wp-content\/uploads\/2024\/03\/IMG_7556-300x200.jpg 300w, https:\/\/www.lierfeld.com\/wp-content\/uploads\/2024\/03\/IMG_7556-768x512.jpg 768w, https:\/\/www.lierfeld.com\/wp-content\/uploads\/2024\/03\/IMG_7556-1536x1024.jpg 1536w, https:\/\/www.lierfeld.com\/wp-content\/uploads\/2024\/03\/IMG_7556-2048x1365.jpg 2048w\" sizes=\"auto, (max-width: 1024px) 100vw, 1024px\" \/><\/figure>\n\n\n\n<figure class=\"wp-block-image size-large\"><img loading=\"lazy\" decoding=\"async\" width=\"1024\" height=\"683\" data-id=\"327\" src=\"http:\/\/www.lierfeld.com\/wp-content\/uploads\/2024\/03\/IMG_7582-1024x683.jpg\" alt=\"\" class=\"wp-image-327\" srcset=\"https:\/\/www.lierfeld.com\/wp-content\/uploads\/2024\/03\/IMG_7582-1024x683.jpg 1024w, https:\/\/www.lierfeld.com\/wp-content\/uploads\/2024\/03\/IMG_7582-300x200.jpg 300w, https:\/\/www.lierfeld.com\/wp-content\/uploads\/2024\/03\/IMG_7582-768x512.jpg 768w, https:\/\/www.lierfeld.com\/wp-content\/uploads\/2024\/03\/IMG_7582-1536x1024.jpg 1536w, https:\/\/www.lierfeld.com\/wp-content\/uploads\/2024\/03\/IMG_7582-2048x1365.jpg 2048w\" sizes=\"auto, (max-width: 1024px) 100vw, 1024px\" \/><\/figure>\n\n\n\n<figure class=\"wp-block-image size-large\"><img loading=\"lazy\" decoding=\"async\" width=\"1024\" height=\"683\" data-id=\"325\" src=\"http:\/\/www.lierfeld.com\/wp-content\/uploads\/2024\/03\/IMG_7583-1024x683.jpg\" alt=\"\" class=\"wp-image-325\" srcset=\"https:\/\/www.lierfeld.com\/wp-content\/uploads\/2024\/03\/IMG_7583-1024x683.jpg 1024w, https:\/\/www.lierfeld.com\/wp-content\/uploads\/2024\/03\/IMG_7583-300x200.jpg 300w, https:\/\/www.lierfeld.com\/wp-content\/uploads\/2024\/03\/IMG_7583-768x512.jpg 768w, https:\/\/www.lierfeld.com\/wp-content\/uploads\/2024\/03\/IMG_7583-1536x1024.jpg 1536w, https:\/\/www.lierfeld.com\/wp-content\/uploads\/2024\/03\/IMG_7583-2048x1365.jpg 2048w\" sizes=\"auto, (max-width: 1024px) 100vw, 1024px\" \/><\/figure>\n\n\n\n<figure class=\"wp-block-image size-large\"><img loading=\"lazy\" decoding=\"async\" width=\"1024\" height=\"683\" data-id=\"326\" src=\"http:\/\/www.lierfeld.com\/wp-content\/uploads\/2024\/03\/IMG_7584-1024x683.jpg\" alt=\"\" class=\"wp-image-326\" srcset=\"https:\/\/www.lierfeld.com\/wp-content\/uploads\/2024\/03\/IMG_7584-1024x683.jpg 1024w, https:\/\/www.lierfeld.com\/wp-content\/uploads\/2024\/03\/IMG_7584-300x200.jpg 300w, https:\/\/www.lierfeld.com\/wp-content\/uploads\/2024\/03\/IMG_7584-768x512.jpg 768w, https:\/\/www.lierfeld.com\/wp-content\/uploads\/2024\/03\/IMG_7584-1536x1024.jpg 1536w, https:\/\/www.lierfeld.com\/wp-content\/uploads\/2024\/03\/IMG_7584-2048x1365.jpg 2048w\" sizes=\"auto, (max-width: 1024px) 100vw, 1024px\" \/><\/figure>\n<\/figure>\n","protected":false},"excerpt":{"rendered":"<p>Herzlich willkommen auf der Internetseite der Ortsgemeinde Lierfeld. Ich darf Sie zu einem virtuellen Bummel durch unseren sch\u00f6nen Eifelort einladen. Gerne w\u00fcrde ich Sie auch gelegentlich pers\u00f6nlich bei uns willkommen hei\u00dfen! Arnold HoffmannOrtsb\u00fcrgermeister<\/p>\n","protected":false},"author":1,"featured_media":0,"parent":0,"menu_order":0,"comment_status":"closed","ping_status":"closed","template":"","meta":{"footnotes":""},"class_list":["post-8","page","type-page","status-publish","hentry"],"_links":{"self":[{"href":"https:\/\/www.lierfeld.com\/index.php?rest_route=\/wp\/v2\/pages\/8","targetHints":{"allow":["GET"]}}],"collection":[{"href":"https:\/\/www.lierfeld.com\/index.php?rest_route=\/wp\/v2\/pages"}],"about":[{"href":"https:\/\/www.lierfeld.com\/index.php?rest_route=\/wp\/v2\/types\/page"}],"author":[{"embeddable":true,"href":"https:\/\/www.lierfeld.com\/index.php?rest_route=\/wp\/v2\/users\/1"}],"replies":[{"embeddable":true,"href":"https:\/\/www.lierfeld.com\/index.php?rest_route=%2Fwp%2Fv2%2Fcomments&post=8"}],"version-history":[{"count":8,"href":"https:\/\/www.lierfeld.com\/index.php?rest_route=\/wp\/v2\/pages\/8\/revisions"}],"predecessor-version":[{"id":796,"href":"https:\/\/www.lierfeld.com\/index.php?rest_route=\/wp\/v2\/pages\/8\/revisions\/796"}],"wp:attachment":[{"href":"https:\/\/www.lierfeld.com\/index.php?rest_route=%2Fwp%2Fv2%2Fmedia&parent=8"}],"curies":[{"name":"wp","href":"https:\/\/api.w.org\/{rel}","templated":true}]}}