{"id":138,"date":"2023-07-13T07:31:11","date_gmt":"2023-07-13T05:31:11","guid":{"rendered":"http:\/\/www.lierfeld.com\/?page_id=138"},"modified":"2024-01-11T16:28:36","modified_gmt":"2024-01-11T15:28:36","slug":"fronleichnam","status":"publish","type":"page","link":"http:\/\/www.lierfeld.com\/?page_id=138","title":{"rendered":"Fronleichnam"},"content":{"rendered":"\n<figure class=\"wp-block-image size-large is-resized\"><img loading=\"lazy\" decoding=\"async\" width=\"1024\" height=\"768\" src=\"http:\/\/www.lierfeld.com\/wp-content\/uploads\/2024\/01\/GPCI6239-1024x768.jpg\" alt=\"\" class=\"wp-image-283\" style=\"width:1099px;height:auto\" srcset=\"http:\/\/www.lierfeld.com\/wp-content\/uploads\/2024\/01\/GPCI6239-1024x768.jpg 1024w, http:\/\/www.lierfeld.com\/wp-content\/uploads\/2024\/01\/GPCI6239-300x225.jpg 300w, http:\/\/www.lierfeld.com\/wp-content\/uploads\/2024\/01\/GPCI6239-768x576.jpg 768w, http:\/\/www.lierfeld.com\/wp-content\/uploads\/2024\/01\/GPCI6239.jpg 1280w\" sizes=\"auto, (max-width: 1024px) 100vw, 1024px\" \/><\/figure>\n\n\n\n<p>Da Lierfeld nicht \u00fcber eine eigene Kirche verf\u00fcgt, wird der Fronleichnamsaltar unserer Gemeinde in der N\u00e4he der L\u00fcnebacher Dorfkirche St. Gertrud an der B\u00f6lzstra\u00dfe errichtet. <br>Die ben\u00f6tigten Bl\u00fcten werden im Vorfeld gesammelt, um damit ein farbenfrohes Bild zu gestalten.<\/p>\n","protected":false},"excerpt":{"rendered":"<p>Da Lierfeld nicht \u00fcber eine eigene Kirche verf\u00fcgt, wird der Fronleichnamsaltar unserer Gemeinde in der N\u00e4he der L\u00fcnebacher Dorfkirche St. Gertrud an der B\u00f6lzstra\u00dfe errichtet. Die ben\u00f6tigten Bl\u00fcten werden im Vorfeld gesammelt, um damit ein farbenfrohes Bild zu gestalten.<\/p>\n","protected":false},"author":1,"featured_media":283,"parent":0,"menu_order":0,"comment_status":"closed","ping_status":"closed","template":"","meta":{"footnotes":""},"class_list":["post-138","page","type-page","status-publish","has-post-thumbnail","hentry"],"_links":{"self":[{"href":"http:\/\/www.lierfeld.com\/index.php?rest_route=\/wp\/v2\/pages\/138","targetHints":{"allow":["GET"]}}],"collection":[{"href":"http:\/\/www.lierfeld.com\/index.php?rest_route=\/wp\/v2\/pages"}],"about":[{"href":"http:\/\/www.lierfeld.com\/index.php?rest_route=\/wp\/v2\/types\/page"}],"author":[{"embeddable":true,"href":"http:\/\/www.lierfeld.com\/index.php?rest_route=\/wp\/v2\/users\/1"}],"replies":[{"embeddable":true,"href":"http:\/\/www.lierfeld.com\/index.php?rest_route=%2Fwp%2Fv2%2Fcomments&post=138"}],"version-history":[{"count":3,"href":"http:\/\/www.lierfeld.com\/index.php?rest_route=\/wp\/v2\/pages\/138\/revisions"}],"predecessor-version":[{"id":285,"href":"http:\/\/www.lierfeld.com\/index.php?rest_route=\/wp\/v2\/pages\/138\/revisions\/285"}],"wp:featuredmedia":[{"embeddable":true,"href":"http:\/\/www.lierfeld.com\/index.php?rest_route=\/wp\/v2\/media\/283"}],"wp:attachment":[{"href":"http:\/\/www.lierfeld.com\/index.php?rest_route=%2Fwp%2Fv2%2Fmedia&parent=138"}],"curies":[{"name":"wp","href":"https:\/\/api.w.org\/{rel}","templated":true}]}}